 1). Let n = -45 - -102. What is the greatest common divisor of w and n?
19
Suppose 11*o - 40 = 3*o. Let j be (-129)/6*-2 + 2. What is the highest common divisor of o and j?
5
Let q = -107 - -251. What is the highest common factor of q and 36?
36
Suppose 2*h = -5*m - 23, -5*h - m - 3*m - 15 = 0. Let p be (2 + h + 0)*-5. Let o = 29 + p. Calculate the greatest common divisor of o and 21.
7
Suppose 0 = -2*y + 3*k + 4, 19 = 8*y - 3*y - 3*k. Suppose -2*v = 3*x - 18, y*x = 4*v - 38 - 42. What is the highest common factor of 120 and v?
15
Suppose -4*m - 4*o + 448 = 0, -6*m + 478 = -2*m - 2*o. Suppose -4*g + 107 = -m. What is the highest common factor of g and 7?
7
Let u(t) = 2*t**2 + 2*t + 3. Let l be u(3). Let f be 9/(-18)*-2*(82 - 1). What is the greatest common factor of l and f?
27
Suppose 2*y + 58 = 3*a, -4*a + 51 = 3*y - 32. Suppose 3*w + 6 = -4*n + 54, 5*n = -15. Calculate the greatest common factor of a and w.
20
Suppose -9*m + 5*m = -216. Let z = m + -20. Suppose -6 = -4*h + z. What is the greatest common divisor of 20 and h?
10
Suppose -5*p - 153 = -4*g, 2*g - p = 2*p + 75. Calculate the greatest common factor of 4 and g.
2
Let b(s) = 2*s**2 - s + 4*s**2 + s**3 - 2*s**2. Let n be b(-4). Suppose n*g - 15 + 3 = 0. What is the highest common divisor of g and 24?
3
Let a = -172 - -269. Let g = a - 67. Suppose -3*i + 2*t = -56, -6*i + 2*t + 96 = -i. What is the greatest common divisor of g and i?
10
Suppose 6*q = 2*q - 596. Let i = -84 - q. Calculate the greatest common factor of i and 26.
13
Let z = 10 + -7. Suppose 3*q - 2*c = 9, 2*q - c + z - 10 = 0. What is the greatest common factor of 10 and q?
5
Suppose 0*j = 3*j - 33. Let b = -8 + j. Suppose 2*g + 8 = b*g. Calculate the greatest common divisor of g and 88.
8
Suppose -2*u + 41 - 5 = 0. Calculate the greatest common divisor of u and 117.
9
Let q = -28 - -69. What is the greatest common divisor of 41 and q?
41
Let m(q) = -q + 4. Let o be m(2). Suppose -p = -o*p + 10. What is the highest common factor of 5 and p?
5
Let p(a) = -24*a. Let h be p(-6). Suppose 3*l - 4*g + 62 = -19, 5*g = 3*l + 78. Let x = l - -47. What is the greatest common factor of x and h?
16
Let c(h) = -h**3 - 4*h**2 + 7*h + 12. Let s be c(-5). Let g be 21/(-4)*-4*s. What is the highest common factor of 6 and g?
6
Let s be 1/((-1)/33*-3). Calculate the greatest common factor of 11 and s.
11
Let g(q) = q**2 - 19*q + 6. Let p be g(21). Calculate the highest common divisor of 24 and p.
24
Suppose 20*s - 147 = 13*s. Calculate the greatest common factor of s and 84.
21
Let t be 1*(4 - 3/(-1)). Suppose 0 = 5*c - 5, b - 4*c - 21 = -t. What is the highest common divisor of 72 and b?
18
Let g = 100 + -50. Calculate the highest common factor of 200 and g.
50
Suppose 0 = -2*n - 0*n - 234. Suppose -7*w + 9*w = -414. Let r = n - w. What is the highest common factor of r and 18?
18
Let g = 22 + -17. Suppose g*v - 2 = 8. Calculate the highest common divisor of 10 and v.
2
Let f(a) = -a + 29. Let h be f(10). Suppose 0*q - q + p = -57, -p = 0. What is the highest common factor of q and h?
19
Suppose 0 = n + 2 - 12. What is the greatest common divisor of n and 5?
5
Let z = 45 + -32. Let u be 80/3 + 4/(-6). What is the greatest common factor of u and z?
13
Let v be 112/(1 - (4 + -5)). What is the greatest common factor of v and 140?
28
Let m(y) = -y**3 + 7*y**2 - 4*y - 5. Let p be m(4). What is the greatest common divisor of p and 54?
27
Suppose 5*k - 3*a = 138, 4*k + 5*a = 2*k + 49. Let w = k - 1. Calculate the greatest common factor of 208 and w.
26
Suppose -2*g + r = -37, -3*g + 0*g = -4*r - 58. Calculate the greatest common divisor of g and 54.
18
Suppose -r - 5*x + 124 = -x, 0 = -3*r + x + 359. What is the highest common divisor of 24 and r?
24
Let i(q) = 23*q**2 - 1. Let j be i(-1). Suppose 5*h = 2*u - 332, -4 = -3*h + 8. What is the greatest common divisor of u and j?
22
Let h = 10 - 6. Suppose -24 = -c - 2*n + h*n, -2*n = 5*c - 108. What is the greatest common divisor of 33 and c?
11
Let m = -12 + 9. Let w be 10*m/(15/(-14)). What is the greatest common divisor of w and 14?
14
Let n(r) = -r - 3. Let c be n(-6). What is the greatest common divisor of 3 and c?
3
Let u(a) = a**3 - 5*a**2 - 15*a + 9. Let v be u(7). Calculate the greatest common factor of v and 16.
2
Let u = 39 + -22. Let a = -131 + 318. Calculate the greatest common factor of u and a.
17
Let h(y) = -y**3 - 3*y**2 + 2*y + 6. Let v be h(-5). Suppose -5*c + 17 = -558. Calculate the highest common factor of v and c.
23
Suppose 4*t + 7 + 5 = 0. Let h be (-2 - (t + 5))*-2. Calculate the greatest common divisor of 8 and h.
8
Suppose -75 = -4*t - 23. Let k = t - -22. Calculate the highest common factor of k and 70.
35
Suppose 0 = -s + q + 7, 3*s = 5*s + 5*q + 14. Suppose s*t - 105 = -5*u, t - 101 = -4*u + 2*t. What is the greatest common divisor of 3 and u?
3
Let o(l) = l**3 - l**2. Let m be o(0). Let p = 13 + m. Let t(b) = 3*b**2 + 9*b + 7. Let j be t(-7). What is the highest common divisor of p and j?
13
Let s be 32*-6*(-1)/8. Suppose -186 + 126 = -5*h. Calculate the greatest common factor of h and s.
12
Let t be ((-2)/7)/(5/(-35)). Let k be 2/(2/57) - 1. Suppose -f + 2*f = -4*j + 76, t*j - 4*f = k. What is the greatest common divisor of j and 10?
10
Let w = -43 - -30. Let t be w/(-78) - (-46)/12. Calculate the highest common divisor of 4 and t.
4
Let h(c) = -3 - 42*c + 5 - 3. Let m be h(-1). Suppose 2*k + 26 = 2*w, -m = -3*w - 0*w + 4*k. What is the greatest common factor of w and 44?
11
Suppose 25 = -q + 6*q. Suppose -3*d + q*u + 65 = -364, 4*u = 4*d - 572. Suppose -s + 10 = -3. What is the highest common factor of d and s?
13
Let s(n) = -9*n - 18. Let v be s(-8). Calculate the highest common divisor of v and 6.
6
Let l = -16 - -33. Let x = l - 5. What is the highest common divisor of x and 24?
12
Let v(t) = 20*t. Let u be v(2). What is the highest common divisor of 60 and u?
20
Let g = 93 - -207. Let j = -183 + g. Suppose 0 = -4*q + 24 + 28. Calculate the highest common divisor of j and q.
13
Let n = 78 + -43. Calculate the highest common factor of 280 and n.
35
Let h = -14 - -20. Suppose -30 = -4*c + h. Suppose c*s - 4*s - 19 = 3*d, 0 = 4*d + 3*s - 23. What is the highest common factor of d and 18?
2
Let v = 53 - 28. Let j = 25 - 15. Calculate the highest common divisor of v and j.
5
Suppose 0 = 4*w - 5 - 67. Let u be 164 + (5 - 3 - 4). Calculate the greatest common divisor of u and w.
18
Let a(b) = b**2 - 2*b**2 - 1 - 9*b + 7. Let w be a(-7). Calculate the highest common divisor of 10 and w.
10
Let l(f) = 5*f. Let q be l(11). Suppose 53 = 5*m + k, -m - 4*k - 19 = -2*m. Calculate the greatest common divisor of m and q.
11
Let m(x) = x - 2. Let u be m(4). Suppose 0 = -u*z + z + 8. What is the highest common divisor of z and 8?
8
Let y be 27/(-6)*88/(-6). Let r(s) = s**3 - 5*s**2 + 5*s - 3. Let i be r(5). Calculate the greatest common factor of i and y.
22
Let k(j) = j**2 - 8*j + 6. Let q be k(7). Let w be (-12)/(q + -2)*8. What is the highest common divisor of w and 16?
16
Suppose -3*g = -4*g + 3. Let j be (4/(-5))/(g/(-45)). What is the highest common factor of j and 96?
12
Let l be (-2)/4*(1 + -31). What is the highest common factor of l and 165?
15
Let j(w) be the first derivative of -3*w**2/2 - 7*w + 4. Let q be j(-5). Calculate the greatest common divisor of q and 8.
8
Let i(b) = 2*b - 18. Let p be i(12). Calculate the greatest common divisor of 54 and p.
6
Let h be (1 + (-18)/(-10))*180. What is the highest common factor of h and 56?
56
Suppose 0 = -5*u + 28 + 132. Suppose -3*j - 4 = -16. Calculate the highest common factor of j and u.
4
Let l(o) = -o**2 - 14*o + 17. Let b be l(-12). Calculate the highest common factor of 369 and b.
41
Let m be 1 + (-12)/(-1) - (-16 - -13). Calculate the greatest common divisor of 128 and m.
16
Let u = 57 + -51. What is the greatest common factor of 48 and u?
6
Suppose 235 = 5*v - 5*y, -y - 101 = -3*v - 6*y. What is the highest common factor of 6 and v?
6
Let x be (-20)/2*(-21)/35. Calculate the greatest common divisor of 3 and x.
3
Suppose -d + 121 = 4*s, -5*s + d = -3*d - 146. Calculate the greatest common factor of s and 20.
10
Let g(n) = n + 5. Let z be g(-5). Let p be -24*(-1 + 0) - z. Let j = 24 + 36. Calculate the greatest 